e
Is 18289269751 a composite number?
False
Is 922790909 composite?
True
Is 5099500867 a composite number?
True
Is 1336470923 a composite number?
False
Is 82181129981 prime?
False
Is 92654453 a prime number?
True
Is 110578953397 prime?
False
Is 1996277846 a prime number?
False
Is 708912689 composite?
False
Is 175355233 a prime number?
True
Is 5997364861 a prime number?
True
Is 16646277541 composite?
True
Is 30601517353 a composite number?
True
Is 2991570755 composite?
True
Is 41900439271 composite?
True
Is 7518001 a prime number?
True
Is 1018593041 prime?
True
Is 1366272181 a prime number?
True
Is 713246019 a prime number?
False
Is 115096294039 composite?
False
Is 152821639 a prime number?
True
Is 683150617 a prime number?
True
Is 479579554717 composite?
False
Is 14124689 prime?
True
Is 7632398647 prime?
False
Is 4309997597 a prime number?
True
Is 2162989757 prime?
False
Is 188726249 prime?
True
Is 22318151 a prime number?
True
Is 5865855407 a composite number?
True
Is 4969651471 a composite number?
False
Is 10480749869 composite?
False
Is 542504678 composite?
True
Is 1975158083 composite?
False
Is 1682197499 prime?
True
Is 279018791 a composite number?
True
Is 65613922057 a composite number?
True
Is 10531847351 a composite number?
True
Is 5538951641 a composite number?
False
Is 2254288957 a prime number?
True
Is 2577230839 composite?
True
Is 1718708657 composite?
True
Is 2977825949 a prime number?
False
Is 58293524441 prime?
True
Is 39170506421 a composite number?
False
Is 181553539 composite?
False
Is 1556574223 a prime number?
False
Is 136972797863 prime?
False
Is 4054483969 a composite number?
True
Is 6003918265 prime?
False
Is 74977691977 composite?
True
Is 168014137 composite?
False
Is 2935825987 a prime number?
True
Is 339748049 a prime number?
True
Is 93301217 prime?
True
Is 60610937 a prime number?
False
Is 243602162693 composite?
True
Is 10433288239 composite?
True
Is 13076758918 a prime number?
False
Is 55051874237 a composite number?
False
Is 5921014193 a composite number?
True
Is 7325715629 a prime number?
False
Is 9173507467 a prime number?
True
Is 113091703 prime?
False
Is 12744259951 a composite number?
False
Is 2714304889 a composite number?
False
Is 1247833681 prime?
True
Is 347340739 a prime number?
True
Is 1094832197 a composite number?
True
Is 2063826749 a prime number?
True
Is 40324033501 a composite number?
True
Is 1870217161 a prime number?
True
Is 396826453 a prime number?
True
Is 772421113 a composite number?
True
Is 52431541087 prime?
False
Is 105353719213 prime?
True
Is 332132783 composite?
True
Is 3063276163 prime?
False
Is 523284859 prime?
True
Is 653918633 a prime number?
False
Is 4524770081 a prime number?
False
Is 9027905027 prime?
True
Is 47100293351 a composite number?
True
Is 7656566317 a composite number?
True
Is 770118631 prime?
False
Is 2017147471 composite?
False
Is 384570313 prime?
False
Is 4954817681 a prime number?
False
Is 18242973689 composite?
False
Is 80483249839 prime?
False
Is 3759060854 prime?
False
Is 134687123 composite?
False
Is 301439399 composite?
False
Is 3739304033 composite?
True
Is 27204158909 a composite number?
False
Is 478120823 a composite number?
False
Is 16895699957 composite?
False
Is 497919887 composite?
False
Is 164840274047 a composite number?
True
Is 15455015411 prime?
False
Is 198906223 composite?
False
Is 1522488551 prime?
False
Is 1711133869 a prime number?
True
Is 479524813 composite?
True
Is 5883180029 composite?
True
Is 873803531 a prime number?
True
Is 2962996583 prime?
True
Is 447069149 prime?
True
Is 83533410759 prime?
False
Is 47829778769 a composite number?
False
Is 1963762111 a prime number?
True
Is 5878041733 composite?
True
Is 1771670227 prime?
True
Is 96183584597 prime?
True
Is 1223268247 a composite number?
True
Is 576200249 a composite number?
True
Is 9532835062 composite?
True
Is 36834195833 a prime number?
False
Is 81969403 a composite number?
True
Is 640224479 a composite number?
False
Is 4382509 prime?
False
Is 16428853163 a prime number?
False
Is 1030714747 a composite number?
True
Is 7869406994 prime?
False
Is 363668209 a composite number?
True
Is 2317114301 composite?
False
Is 1946949317 a prime number?
False
Is 1204757 prime?
False
Is 132047086783 a composite number?
False
Is 11922472217 a composite number?
False
Is 13645754741 a prime number?
True
Is 7386434353 prime?
True
Is 19648139486 composite?
True
Is 799625237 a composite number?
True
Is 44872057654 prime?
False
Is 1930905187 composite?
False
Is 146326217 composite?
False
Is 4925559913 prime?
True
Is 2009447917 prime?
False
Is 1287951877 a prime number?
False
Is 127343327 a composite number?
True
Is 2252069683 prime?
False
Is 88500640399 composite?
True
Is 1727267195 a composite number?
True
Is 400405169 composite?
False
Is 2262791621 composite?
False
Is 1755355499 a prime number?
True
Is 32228704243 a composite number?
False
Is 87211106477 prime?
False
Is 11727227921 prime?
True
Is 5569876721 a composite number?
False
Is 65671828267 a prime number?
True
Is 14196073531 composite?
True
Is 1229513933 composite?
True
Is 6738798239 a prime number?
True
Is 1159692385 a prime number?
False
Is 87545257 a prime number?
False
Is 82145533 a composite number?
False
Is 100245905423 a prime number?
True
Is 245563511 prime?
False
Is 2314529374 composite?
True
Is 6209582369 composite?
True
Is 55272490561 prime?
True
Is 11426951014 prime?
False
Is 887343763 prime?
True
Is 970223539 a prime number?
True
Is 550341799333 a prime number?
True
Is 615958141 composite?
True
Is 1046126051 a composite number?
True
Is 653439667 composite?
False
Is 325590313 composite?
True
Is 337816511 prime?
True
Is 867991 a prime number?
True
Is 692890526 a composite number?
True
Is 11281372709 a prime number?
True
Is 1459604873 composite?
False
Is 211155279749 a prime number?
True
Is 610233509 a composite number?
False
Is 22048001083 a prime number?
True
Is 29264927299 prime?
True
Is 3054209374 a prime number?
False
Is 20415473509 composite?
True
Is 454640099 composite?
True
Is 26072959529 prime?
True
Is 227812077961 a prime number?
False
Is 1993469633 composite?
False
Is 910850131 a prime number?
True
Is 647076847 composite?
True
Is 47406296477 composite?
True
Is 33043512923 a prime number?
False
Is 27784111283 prime?
False
Is 3032918137 prime?
True
Is 6691774189 a composite number?
True
Is 2153244881 a prime number?
True
Is 1008092453 a prime number?
True
Is 4073833073 prime?
False
Is 481541981 prime?
False
Is 7552806409 composite?
True
Is 2509137097 composite?
True
Is 64694681421 a composite number?
True
Is 587350018 a composite number?
True
Is 24896859233 composite?
True
Is 15453073021 composite?
False
Is 3744378635 a prime number?
False
Is 32360039219 a prime number?
False
Is 50824993543 prime?
True
Is 113651980141 a composite number?
True
Is 1004684027 prime?
False
Is 21380772683 prime?
True
Is 14418839737 prime?
True
Is 69833503903 a composite number?
False
Is 1370125997 a composite number?
False
Is 2620075739 prime?
False
Is 4646439067 a composite number?
True
Is 470247227 prime?
True
Is 39622031399 a composite number?
False
Is 729903641 a prime number?
False
Is 4899744979 a composite number?
False
Is 34267725113 composite?
False
Is 351424495 a prime number?
False
Is 7577758757 a composite number?
False
Is 2497758938 composite?
True
Is 1998803269 a prime number?
True
Is 1157247721 a composite number?
True
Is 1772528159 a prime number?
False
Is 7883215993 prime?
False
Is 45594837601 composite?
True
Is 12986332507 composite?
True
Is 9098528563 composite?
False
Is 3713579273 prime?
True
Is 12355606 prime?
False
Is 86817307 a composite number?
False
Is 1772946311 a prime number?
False
Is 2377108159 composite?
True
Is 49736723641 a composite number?
True
Is 2461655021 a composite number?
True
Is 6969138229 a composite number?
True
Is 25052311 a prime number?
False
Is 13885128193 prime?
True
Is 33369092591 a composite number?
True
Is 24908529 prime?
False
Is 347790277 prime?
True
Is 120794539 a composite number?
False
Is 473497543 a prime number?
True
Is 75051116749 composite?
True
Is 5196263 composite?
True
Is 8478982817 composite?
False
Is 1833660263 prime?
False
Is 1914003746 prime?
False
Is 1451620687 a prime number?
False